[INFO] cloning repository https://github.com/Dawn-Equipment-Company/multican
[INFO] running `Command { std: "git" "-c" "credential.helper=" "-c" "credential.helper=/workspace/cargo-home/bin/git-credential-null" "clone" "--bare" "https://github.com/Dawn-Equipment-Company/multican" "/workspace/cache/git-repos/https%3A%2F%2Fgithub.com%2FDawn-Equipment-Company%2Fmultican", kill_on_drop: false }`
[INFO] [stderr] Cloning into bare repository '/workspace/cache/git-repos/https%3A%2F%2Fgithub.com%2FDawn-Equipment-Company%2Fmultican'...
[INFO] running `Command { std: "git" "rev-parse" "HEAD", kill_on_drop: false }`
[INFO] [stdout] 59df1c62d9415cca3c8340b48e27518f966c81ce
[INFO] building Dawn-Equipment-Company/multican against master#881c1ac408d93bb7adaa3a51dabab9266e82eee8 for issue-85264
[INFO] running `Command { std: "git" "clone" "/workspace/cache/git-repos/https%3A%2F%2Fgithub.com%2FDawn-Equipment-Company%2Fmultican" "/workspace/builds/worker-0/source", kill_on_drop: false }`
[INFO] [stderr] Cloning into '/workspace/builds/worker-0/source'...
[INFO] [stderr] done.
[INFO] validating manifest of git repo https://github.com/Dawn-Equipment-Company/multican on toolchain 881c1ac408d93bb7adaa3a51dabab9266e82eee8
[INFO] running `Command { std: "/workspace/cargo-home/bin/cargo" "+881c1ac408d93bb7adaa3a51dabab9266e82eee8" "metadata" "--manifest-path" "Cargo.toml" "--no-deps", kill_on_drop: false }`
[INFO] started tweaking git repo https://github.com/Dawn-Equipment-Company/multican
[INFO] finished tweaking git repo https://github.com/Dawn-Equipment-Company/multican
[INFO] tweaked toml for git repo https://github.com/Dawn-Equipment-Company/multican written to /workspace/builds/worker-0/source/Cargo.toml
[INFO] crate git repo https://github.com/Dawn-Equipment-Company/multican already has a lockfile, it will not be regenerated
[INFO] running `Command { std: "/workspace/cargo-home/bin/cargo" "+881c1ac408d93bb7adaa3a51dabab9266e82eee8" "fetch" "--manifest-path" "Cargo.toml", kill_on_drop: false }`
[INFO] [stderr]     Updating git repository `https://github.com/thebeekeeper/tokio-socketcan`
[INFO] [stderr]     Blocking waiting for file lock on package cache
[INFO] [stderr]  Downloading crates ...
[INFO] [stderr]   Downloaded thiserror-impl v1.0.19
[INFO] [stderr]   Downloaded quasi_codegen v0.32.0
[INFO] [stderr]   Downloaded syntex v0.58.1
[INFO] [stderr]   Downloaded syntex_errors v0.58.1
[INFO] [stderr]   Downloaded syntex_pos v0.58.1
[INFO] [stderr]   Downloaded aster v0.41.0
[INFO] [stderr]   Downloaded pin-project-internal v0.4.17
[INFO] [stderr]   Downloaded quasi v0.32.0
[INFO] [stderr]   Downloaded pcan-basic-sys v0.2.0
[INFO] [stderr]   Downloaded pin-project v0.4.17
[INFO] [stderr]   Downloaded syntex_syntax v0.58.1
[INFO] [stderr]   Downloaded thiserror v1.0.19
[INFO] [stderr]   Downloaded async-trait v0.1.31
[INFO] [stderr]   Downloaded cexpr v0.2.3
[INFO] [stderr]   Downloaded ucd-util v0.1.5
[INFO] [stderr]   Downloaded libloading v0.4.3
[INFO] [stderr]   Downloaded utf8-ranges v1.0.4
[INFO] [stderr]   Downloaded clang-sys v0.16.0
[INFO] [stderr]   Downloaded socketcan v1.7.0
[INFO] [stderr]   Downloaded bindgen v0.24.0
[INFO] [stderr]   Downloaded syn v1.0.30
[INFO] [stderr]   Downloaded pin-project-lite v0.1.6
[INFO] [stderr]   Downloaded serde_derive v1.0.111
[INFO] running `Command { std: "docker" "create" "-v" "/var/lib/crater-agent-workspace/builds/worker-0/target:/opt/rustwide/target:rw,Z" "-v" "/var/lib/crater-agent-workspace/builds/worker-0/source:/opt/rustwide/workdir:ro,Z" "-v" "/var/lib/crater-agent-workspace/cargo-home:/opt/rustwide/cargo-home:ro,Z" "-v" "/var/lib/crater-agent-workspace/rustup-home:/opt/rustwide/rustup-home:ro,Z" "-e" "SOURCE_DIR=/opt/rustwide/workdir" "-e" "CARGO_TARGET_DIR=/opt/rustwide/target" "-e" "CARGO_HOME=/opt/rustwide/cargo-home" "-e" "RUSTUP_HOME=/opt/rustwide/rustup-home" "-w" "/opt/rustwide/workdir" "-m" "1610612736" "--user" "0:0" "--network" "none" "ghcr.io/rust-lang/crates-build-env/linux@sha256:20528e8c29e4536546f0102ce88568b16ea7538393a33fcca951030f7af10457" "/opt/rustwide/cargo-home/bin/cargo" "+881c1ac408d93bb7adaa3a51dabab9266e82eee8" "metadata" "--no-deps" "--format-version=1", kill_on_drop: false }`
[INFO] [stdout] 244aa3d6b1a3d1bf4f3284d94019ac633342f49b774151ddf948383710f2fdf8
[INFO] [stderr] WARNING: Your kernel does not support swap limit capabilities or the cgroup is not mounted. Memory limited without swap.
[INFO] running `Command { std: "docker" "start" "-a" "244aa3d6b1a3d1bf4f3284d94019ac633342f49b774151ddf948383710f2fdf8", kill_on_drop: false }`
[INFO] running `Command { std: "docker" "inspect" "244aa3d6b1a3d1bf4f3284d94019ac633342f49b774151ddf948383710f2fdf8", kill_on_drop: false }`
[INFO] running `Command { std: "docker" "rm" "-f" "244aa3d6b1a3d1bf4f3284d94019ac633342f49b774151ddf948383710f2fdf8", kill_on_drop: false }`
[INFO] [stdout] 244aa3d6b1a3d1bf4f3284d94019ac633342f49b774151ddf948383710f2fdf8
[INFO] running `Command { std: "docker" "create" "-v" "/var/lib/crater-agent-workspace/builds/worker-0/target:/opt/rustwide/target:rw,Z" "-v" "/var/lib/crater-agent-workspace/builds/worker-0/source:/opt/rustwide/workdir:ro,Z" "-v" "/var/lib/crater-agent-workspace/cargo-home:/opt/rustwide/cargo-home:ro,Z" "-v" "/var/lib/crater-agent-workspace/rustup-home:/opt/rustwide/rustup-home:ro,Z" "-e" "SOURCE_DIR=/opt/rustwide/workdir" "-e" "CARGO_TARGET_DIR=/opt/rustwide/target" "-e" "CARGO_INCREMENTAL=0" "-e" "RUST_BACKTRACE=full" "-e" "RUSTFLAGS=--cap-lints=forbid" "-e" "CARGO_HOME=/opt/rustwide/cargo-home" "-e" "RUSTUP_HOME=/opt/rustwide/rustup-home" "-w" "/opt/rustwide/workdir" "-m" "1610612736" "--user" "0:0" "--network" "none" "ghcr.io/rust-lang/crates-build-env/linux@sha256:20528e8c29e4536546f0102ce88568b16ea7538393a33fcca951030f7af10457" "/opt/rustwide/cargo-home/bin/cargo" "+881c1ac408d93bb7adaa3a51dabab9266e82eee8" "build" "--frozen" "--message-format=json", kill_on_drop: false }`
[INFO] [stdout] 9afd193a66104ca94a6e81d78688703b5b26e44211915c309d20a927e71ff1dc
[INFO] [stderr] WARNING: Your kernel does not support swap limit capabilities or the cgroup is not mounted. Memory limited without swap.
[INFO] running `Command { std: "docker" "start" "-a" "9afd193a66104ca94a6e81d78688703b5b26e44211915c309d20a927e71ff1dc", kill_on_drop: false }`
[INFO] [stderr]    Compiling libc v0.2.92
[INFO] [stderr]    Compiling cfg-if v0.1.10
[INFO] [stderr]    Compiling serde v1.0.101
[INFO] [stderr]    Compiling bitflags v0.4.0
[INFO] [stderr]    Compiling try_from v0.2.2
[INFO] [stderr]    Compiling itertools v0.4.19
[INFO] [stderr]    Compiling proc-macro2 v1.0.18
[INFO] [stderr]    Compiling log v0.4.8
[INFO] [stderr]    Compiling quote v1.0.2
[INFO] [stderr]    Compiling syn v1.0.30
[INFO] [stderr]    Compiling nix v0.5.1
[INFO] [stderr]    Compiling socket2 v0.3.11
[INFO] [stderr]    Compiling socketcan v1.7.0
[INFO] [stderr]    Compiling serde_derive v1.0.111
[INFO] [stderr]    Compiling multican v0.6.0-beta.1 (/opt/rustwide/workdir)
[INFO] [stderr]     Finished dev [unoptimized + debuginfo] target(s) in 25.59s
[INFO] running `Command { std: "docker" "inspect" "9afd193a66104ca94a6e81d78688703b5b26e44211915c309d20a927e71ff1dc", kill_on_drop: false }`
[INFO] running `Command { std: "docker" "rm" "-f" "9afd193a66104ca94a6e81d78688703b5b26e44211915c309d20a927e71ff1dc", kill_on_drop: false }`
[INFO] [stdout] 9afd193a66104ca94a6e81d78688703b5b26e44211915c309d20a927e71ff1dc
[INFO] running `Command { std: "docker" "create" "-v" "/var/lib/crater-agent-workspace/builds/worker-0/target:/opt/rustwide/target:rw,Z" "-v" "/var/lib/crater-agent-workspace/builds/worker-0/source:/opt/rustwide/workdir:ro,Z" "-v" "/var/lib/crater-agent-workspace/cargo-home:/opt/rustwide/cargo-home:ro,Z" "-v" "/var/lib/crater-agent-workspace/rustup-home:/opt/rustwide/rustup-home:ro,Z" "-e" "SOURCE_DIR=/opt/rustwide/workdir" "-e" "CARGO_TARGET_DIR=/opt/rustwide/target" "-e" "CARGO_INCREMENTAL=0" "-e" "RUST_BACKTRACE=full" "-e" "RUSTFLAGS=--cap-lints=forbid" "-e" "CARGO_HOME=/opt/rustwide/cargo-home" "-e" "RUSTUP_HOME=/opt/rustwide/rustup-home" "-w" "/opt/rustwide/workdir" "-m" "1610612736" "--user" "0:0" "--network" "none" "ghcr.io/rust-lang/crates-build-env/linux@sha256:20528e8c29e4536546f0102ce88568b16ea7538393a33fcca951030f7af10457" "/opt/rustwide/cargo-home/bin/cargo" "+881c1ac408d93bb7adaa3a51dabab9266e82eee8" "test" "--frozen" "--no-run" "--message-format=json", kill_on_drop: false }`
[INFO] [stdout] 3dcac6be7d81e5aede799b6ab0692e7bef296cd0f7f6e9b774d07e14717937df
[INFO] [stderr] WARNING: Your kernel does not support swap limit capabilities or the cgroup is not mounted. Memory limited without swap.
[INFO] running `Command { std: "docker" "start" "-a" "3dcac6be7d81e5aede799b6ab0692e7bef296cd0f7f6e9b774d07e14717937df", kill_on_drop: false }`
[INFO] [stderr]    Compiling lazy_static v1.4.0
[INFO] [stderr]    Compiling termcolor v1.1.0
[INFO] [stderr]    Compiling atty v0.2.13
[INFO] [stderr]    Compiling aho-corasick v0.7.10
[INFO] [stderr]    Compiling thread_local v1.0.1
[INFO] [stderr]    Compiling regex v1.3.9
[INFO] [stderr]    Compiling env_logger v0.7.1
[INFO] [stderr]    Compiling multican v0.6.0-beta.1 (/opt/rustwide/workdir)
[INFO] [stdout] error[E0433]: failed to resolve: use of undeclared crate or module `tokio`
[INFO] [stdout]  --> examples/async_log.rs:3:5
[INFO] [stdout]   |
[INFO] [stdout] 3 | use tokio::stream::StreamExt;
[INFO] [stdout]   |     ^^^^^ use of undeclared crate or module `tokio`
[INFO] [stdout] 
[INFO] [stdout] 
[INFO] [stdout] error[E0433]: failed to resolve: use of undeclared crate or module `tokio`
[INFO] [stdout]  --> examples/async_log.rs:5:3
[INFO] [stdout]   |
[INFO] [stdout] 5 | #[tokio::main]
[INFO] [stdout]   |   ^^^^^ use of undeclared crate or module `tokio`
[INFO] [stdout] 
[INFO] [stdout] 
[INFO] [stdout] error[E0425]: cannot find function `from_config_async` in crate `multican`
[INFO] [stdout]   --> examples/async_log.rs:14:33
[INFO] [stdout]    |
[INFO] [stdout] 14 |     let mut network = multican::from_config_async(cfg);
[INFO] [stdout]    |                                 ^^^^^^^^^^^^^^^^^ not found in `multican`
[INFO] [stdout] 
[INFO] [stdout] 
[INFO] [stdout] error[E0752]: `main` function is not allowed to be `async`
[INFO] [stdout]  --> examples/async_log.rs:6:1
[INFO] [stdout]   |
[INFO] [stdout] 6 | async fn main() -> Result<(), Box<dyn Error>> {
[INFO] [stdout]   | ^^^^^^^^^^^^^^^^^^^^^^^^^^^^^^^^^^^^^^^^^^^^^ `main` function is not allowed to be `async`
[INFO] [stdout] 
[INFO] [stdout] 
[INFO] [stdout] error: aborting due to 4 previous errors
[INFO] [stdout] 
[INFO] [stdout] 
[INFO] [stdout] Some errors have detailed explanations: E0425, E0433, E0752.
[INFO] [stdout] 
[INFO] [stdout] For more information about an error, try `rustc --explain E0425`.
[INFO] [stdout] 
[INFO] [stderr] error: could not compile `multican`
[INFO] [stderr] 
[INFO] [stderr] To learn more, run the command again with --verbose.
[INFO] [stderr] warning: build failed, waiting for other jobs to finish...
[INFO] [stderr] error: build failed
[INFO] running `Command { std: "docker" "inspect" "3dcac6be7d81e5aede799b6ab0692e7bef296cd0f7f6e9b774d07e14717937df", kill_on_drop: false }`
[INFO] running `Command { std: "docker" "rm" "-f" "3dcac6be7d81e5aede799b6ab0692e7bef296cd0f7f6e9b774d07e14717937df", kill_on_drop: false }`
[INFO] [stdout] 3dcac6be7d81e5aede799b6ab0692e7bef296cd0f7f6e9b774d07e14717937df
